remainder when q(-3) is divided by 27?
12
Suppose 5*i = 2*i. Let x be (-2)/2*4/(-2). Suppose -2*h + h + 8 = -l, i = -l - x. Calculate the remainder when 17 is divided by h.
5
Let t(l) = l + 4. Calculate the remainder when 23 is divided by t(5).
5
Suppose o - 2*o = -5. Suppose -81 = -5*c - 3*b - b, -o*b + 7 = -c. What is the remainder when c is divided by 8?
5
Let o = 10 + -4. Suppose -g + 13 = -o. Calculate the remainder when g is divided by 31/3 - (-2)/(-6).
9
Calculate the remainder when 46 is divided by (-3)/(-2) + 174/12.
14
What is the remainder when 10 is divided by (-55)/(-22)*(-12)/(-5)?
4
Let j = -405 - -576. Calculate the remainder when j is divided by 29.
26
Let g = 0 + 0. Suppose 2*v = -l + 2, g*l + 1 = -v - l. Let y(q) = -6*q**3 + q. Calculate the remainder when y(-1) is divided by v.
2
Let p(h) = h**3 + 4*h**2 - 6*h - 3. Let k be p(-5). Let q(g) = -5*g**2 - g - 2. Let z be q(k). Let j = z + 41. What is the remainder when j is divided by 6?
5
Let j = 4 + -1. Let u = 2 + j. Suppose u + 2 = w. What is the remainder when 19 is divided by w?
5
Suppose 3*j = 4*r - 40, 43 = -2*r + 7*r - 2*j. What is the remainder when 13 is divided by r?
6
Let y = 79 + -61. What is the remainder when 32 is divided by y?
14
Suppose k - 10 = -4*d, 0 = 3*d - 5*k + 1 + 3. Let a(f) = 6 - 3 + 6*f + 0 - f**d. Calculate the remainder when 4 is divided by a(6).
1
Let j(u) = u**3 + u**2 - u + 3. Let g be j(0). Suppose -10 = 2*v, -4*s - g*v + 17 + 0 = 0. What is the remainder when s is divided by -1 + 0 + 1 - -3?
2
Let i = -1 - -11. What is the remainder when 27 is divided by i?
7
Let j(k) = 5*k**2 - 3*k + 5. What is the remainder when j(3) is divided by 22?
19
Suppose 4*n - 5 = t, -2*n = -4*t - 3*n + 14. Suppose t*m + 90 = 8*m. Let q = -13 + 23. What is the remainder when m is divided by q?
8
What is the remainder when ((-488)/16)/((-2)/4) is divided by 21?
19
Let k(a) = -3*a**2 + 3*a + 2*a**2 - 10*a. What is the remainder when 29 is divided by k(-5)?
9
Suppose -2*t + 4*p = 2, 3*t - p = 3*p + 5. Calculate the remainder when 54 is divided by t.
5
Let v(a) = a + 1. What is the remainder when 31 is divided by v(10)?
9
Suppose 0 = -3*l + 6, -l = 4*h + h - 72. What is the remainder when 54 is divided by h?
12
Suppose 91 = 3*n + 4*n. Calculate the remainder when 62 is divided by n.
10
Suppose 2*g = 6 - 0, z + 3*g = 11. Let s = 10 - 7. Let d = s - 2. Calculate the remainder when z is divided by d.
0
Suppose 24 = 5*s - 81. Let t(q) = -4*q + 4. Calculate the remainder when t(-9) is divided by s.
19
Suppose -5*o = 20, -5*s = -2*o - 23 - 0. Suppose y + s*y - 76 = -4*q, -4*q + 3*y + 90 = 0. What is the remainder when 61 is divided by q?
19
Let s = 2 - -3. Suppose -s*p = 82 - 277. What is the remainder when p is divided by (-2)/(-4) - -9*(-21)/(-14)?
11
Let v = 2 + 1. Calculate the remainder when 13 is divided by 0/v + (-2 - -9).
6
Let v = 19 - 17. Suppose 177 = v*p + 57. Calculate the remainder when p is divided by 16.
12
Suppose 2*w - l = 21, -3*l = -14*w + 10*w + 43. Let q(d) = 31*d. Let u(n) = 32*n. Let f(y) = 3*q(y) - 2*u(y). What is the remainder when f(1) is divided by w?
9
Suppose -f + 13 = -5*i, 220 - 48 = 4*f + 4*i. Let h(t) = -t**3 - t + 16. Let g be h(0). Suppose -56 = -4*k - g. What is the remainder when f is divided by k?
8
Let w = -16 + 18. Let c(l) = l + 2. What is the remainder when 7 is divided by c(w)?
3
What is the remainder when -2 - (1 + -1 + -23) is divided by 13?
8
Let c(j) = j**2 + j - 19. What is the remainder when 90 is divided by c(6)?
21
Let r(v) = 17*v - 3. Let h be r(4). Let i = h + -35. What is the remainder when i is divided by 16?
14
Let f(l) = 7*l**2 - 7*l - 1. What is the remainder when f(4) is divided by 21?
20
Let i be -4 + 1 + 477/9. Suppose -o - i = -3*o. Suppose 5*g - o = -4*u, -3*g + 52 = -4*u + 5. What is the remainder when 25 is divided by g?
7
Suppose 2*o + 2*o - 4*a - 48 = 0, -3*a = 0. Calculate the remainder when 23 is divided by o.
11
Suppose 0 = h - 19 - 0. What is the remainder when h is divided by 10?
9
Suppose 4*u - 170 = -u. What is the remainder when u is divided by (8/6)/((-1)/(-9))?
10
Let h be 46/2 + (-2)/(-2). Suppose m + 4 - 2 = 2*p, -h = -2*m - 3*p. What is the remainder when m is divided by -2 + 8 + (-2 - 0)?
2
Let m = 19 + -5. Suppose -152 = -3*t + 13. Calculate the remainder when t is divided by m.
13
Let d(k) = 5*k**2 + k. Calculate the remainder when 7 is divided by d(-1).
3
Calculate the remainder when 3 is divided by 1 + (-9)/(-6) - (-1)/2.
0
Let r(h) be the third derivative of -h**5/60 - 3*h**4/8 - h**3/3 + 7*h**2. What is the remainder when 29 is divided by r(-8)?
5
Suppose -4 = -2*l - 2*l. Let a = 0 + l. Calculate the remainder when -3*6/(-2) - a is divided by 5.
3
Suppose 10*j - 8*j = 52. Calculate the remainder when j is divided by 7.
5
Let o = 27 - 16. Calculate the remainder when 43 is divided by o.
10
Let t = -8 - -15. Suppose -4*r + t*r + 48 = 0. What is the remainder when 46 is divided by r/6*18/(-4)?
10
Suppose 8*a = 1044 + 180. What is the remainder when a is divided by 39?
36
Let y = 25 + -10. Let n = -10 - -6. Calculate the remainder when (-789)/(-27) - n/(-18) is divided by y.
14
Suppose 0 = -2*c + 12 + 6. Suppose -3*f + 2*f - 3*m = -44, 2*m - 146 = -4*f. What is the remainder when f is divided by c?
8
Calculate the remainder when 4/6*(-30)/(-4) is divided by (2/(-4))/((-1)/6).
2
Let b = -70 + 110. What is the remainder when b is divided by 14?
12
Let s(p) = p**2 + 13*p + 10. Let g be s(-12). What is the remainder when 21 is divided by (-2)/g*3*4?
9
Let m = -5 - -7. Calculate the remainder when m/3*399/14 is divided by 11.
8
Suppose -4*r + 5*v = r - 45, -4*r - 9 = 5*v. Suppose -r*o = -6*o + 34. What is the remainder when o is divided by (-4)/(-10) - 172/(-20)?
8
Suppose -4*d + 172 = 4*t, -3*d + 38 = t - d. Suppose 0 = -6*g + 3*g + t. Calculate the remainder when 47 is divided by g.
15
Suppose -a + 33 = 2*h, -3*h - 5*a = 20 - 66. Suppose -7*r + r = -660. Let s = 160 - r. Calculate the remainder when s is divided by h.
16
Let x = -10 - -16. What is the remainder when 11 is divided by x?
5
Let c(l) = -l**2 + 15*l + 9. What is the remainder when 88 is divided by c(14)?
19
Let z = -43 - -68. What is the remainder when 71 is divided by z?
21
Suppose l = 2, -156 = 7*h - 2*h - 3*l. Let z = 42 + h. Let y = 11 + 24. Calculate the remainder when y is divided by z.
11
Let j = -27 + 35. What is the remainder when 21 is divided by j?
5
Suppose x - 4*l + 6 = 0, 0 = l - 0*l + 4. Let z be (-1)/2 - (-315)/6. Let p = x + z. What is the remainder when p is divided by 16?
14
Let a(p) = 7*p**2 - 2*p - 1. Calculate the remainder when ((-36)/(-15))/6*35 is divided by a(-1).
6
Let u(n) = 2*n**2 - 2*n - 1. Let z be u(3). Let h = 21 - z. What is the remainder when 39 is divided by h?
9
Let k(a) = a**3 - 12*a**2 - 29*a + 32. What is the remainder when 27 is divided by k(14)?
9
Let b = -166 + 175. Calculate the remainder when 28 is divided by b.
1
Let x = -7 + 11. Suppose -7 = x*b - 171. Suppose 3*a + 3*t - 51 = 0, 0 = 7*a - 9*a + 3*t + 19. Calculate the remainder when b is divided by a.
13
Let a be 58/5 - -1 - 4/(-10). Suppose 0 = -6*l + l - 30. Let t = a + l. Calculate the remainder when 19 is divided by t.
5
Suppose 2*p - 2*d = 96, 4*p = -0*d + 2*d + 186. What is the remainder when p is divided by 12?
9
Suppose 0*j = 5*j - 15. Suppose -j*d = -40 + 1. Let i = 4 - -1. What is the remainder when d is divided by i?
3
Suppose -544 + 92 = -4*i. Suppose 0 = 3*x + h - 90, -5*x + 157 = 6*h - 2*h. What is the remainder when i is divided by x?
26
Let r = -27 - -50. Calculate the remainder when 89 is divided by r.
20
Suppose -4*w + 7*w = -5*y + 37, 0 = 3*w - 5*y + 13. Suppose -270 = w*p - 86. Calculate the remainder when (-2)/2 + -1 - p is divided by 15.
14
Let l = 83 + -76. What is the remainder when 25 is divided by l?
4
Suppose 0 = 2*q + 2, 4*q = -r + q + 290. Suppose -2*j - f = -7*j + 486, -3*j + 2*f + r = 0. What is the remainder when j is divided by 25?
22
Suppose 1375 = -5*g - t, g - 3*t = 5*g + 1089. Let x be g/(-10) + 6/15. Let i = x - 5. What is the remainder when i is divided by 6?
5
Let n = 10 - 12. Calculate the remainder when 25 is divided by (n - -4) + (-2 - -9).
7
Let b(g) = -2*g - 5. Let m be b(-4). What is the